atest common factor of p and f.
1
Let k = 6 - -5. Suppose -12 - 12 = 4*a. Let h be 2/(-6) + (-68)/a. What is the highest common divisor of k and h?
11
Let y be (-1)/(-1) - (0 - -2). Let z = y + 6. Suppose -168 = -z*m - 18. Calculate the highest common divisor of m and 15.
15
Let k be 3/2 - (-15)/2. What is the greatest common factor of 9 and k?
9
Let w(h) = h**3 - 3*h**2 - 8*h + 4. Let j be w(6). Calculate the greatest common factor of 16 and j.
16
Suppose -5 = -4*x + 131. Let g = 61 - x. Calculate the highest common factor of g and 9.
9
Let j = 29 + -9. What is the highest common factor of 180 and j?
20
Suppose -201 = -3*s - 30. Suppose -s = -2*o + 15. What is the highest common factor of 4 and o?
4
Let l = -15 + 24. Let i be (54/(-8))/(l/(-24)). Let h be (3/(-6))/((-1)/12). Calculate the greatest common divisor of h and i.
6
Suppose 4*r + g - 25 = -2*g, -15 = -2*r - g. Let z(a) = -a**2 + 2*a. Let f be z(4). Let x be 50/f*(-10 + 2). What is the highest common divisor of x and r?
10
Let v be ((-51)/(-7 - -4))/(1/5). What is the greatest common divisor of 5 and v?
5
Suppose 5*v - 13 - 21 = 3*w, 2*w = 5*v - 36. Let k be 1/(-3) + (-356)/(-6). Let n = 99 - k. What is the greatest common factor of v and n?
8
Suppose -2*h = -4*h + 8. What is the highest common factor of h and 28?
4
Suppose -4*d + 5*v + 37 = 0, d - 2*v = -3*v - 2. Suppose 0 = 4*o - d*o - c - 109, -3*o - 5*c = -351. What is the greatest common factor of o and 14?
14
Let h = -5 - -3. Suppose 7*o = 3*o + 76. Let m be o - (h + (-2)/2). What is the highest common factor of 55 and m?
11
Suppose -n - 12 = -d, 44 = 4*d - 2*n - 3*n. Calculate the greatest common factor of d and 176.
16
Suppose 0 = 8*w - 6*w - 8. What is the highest common factor of w and 28?
4
Let p(d) = -6*d - 3*d**2 + 2 - 1 - d**3 + 11*d**2. Let v be p(7). Calculate the greatest common factor of v and 4.
4
Let x be 4/14 - 52/(-14). Suppose -u + 2 + x = 0. Let n be 0 - (2 + 0)*-33. Calculate the highest common factor of n and u.
6
Let b be (-1 + 15 - 1) + -1. Suppose -1 = -6*m + 35. What is the highest common factor of m and b?
6
Suppose -2*o + 7*o = 5560. Suppose 5*f + 3*c - o = 0, -5*f + c + 3*c = -1084. What is the highest common factor of f and 20?
20
Let g(d) = -d**2 - 6*d + 6. Let t be g(-6). What is the greatest common divisor of 42 and t?
6
Let b = -3 - -15. Calculate the highest common factor of 6 and b.
6
Let c(m) = -m - 2. Let v be c(6). Let n be (-3)/v*2*56. Let z be -1 + (-1)/(-2)*58. What is the greatest common divisor of n and z?
14
Let o be (-3 + -30 - -3)/((-1)/1). What is the highest common factor of o and 45?
15
Let s be 10/(-2)*(-12)/(-20). Let o be (-404)/(-28) - s/(-7). Calculate the highest common factor of 7 and o.
7
Let v(h) = h**2 + 3*h - 4. Let o be v(2). Calculate the highest common factor of o and 54.
6
Suppose 4*v - 2 + 38 = 0. Let x be 68/(-5) + (-4)/10. Let l = v - x. Calculate the greatest common divisor of l and 5.
5
Suppose 0 = 5*c - 5*j - 90, -3*c + 1 + 43 = -j. Calculate the greatest common divisor of c and 39.
13
Suppose 3*g + 8 = 5*g. Suppose -5*v - 2*u = -7*u - 130, u - 89 = -g*v. Calculate the highest common factor of 69 and v.
23
Let i = -5 + 9. Let s(d) = 4*d - 3. Let t be s(i). Calculate the highest common divisor of t and 143.
13
Suppose 4*s + 28 = 2*j - 0*s, -28 = -5*j - 4*s. Calculate the highest common divisor of j and 8.
8
Let m(v) = 6*v**2 + 6*v + 12. Let n be m(-3). Calculate the greatest common factor of 64 and n.
16
Suppose -4*h + 10 + 2 = -4*t, 0 = 5*t - 5. Let a(m) = h - 2 - 8 - 3*m. Let r be a(-4). What is the greatest common divisor of r and 6?
6
Let b = -13 - -14. Calculate the greatest common divisor of 8 and b.
1
Let o = 70 + -53. Calculate the highest common divisor of 85 and o.
17
Let v be ((-30)/(-18))/(2/18). Calculate the highest common factor of v and 45.
15
Let u be (-76)/(-6)*(-15)/(-10). What is the highest common factor of 19 and u?
19
Let b be 4/(-10) - 4/(-10). Let w be 0 + 3 - (0 + b). Calculate the highest common factor of w and 27.
3
Suppose 0 = -b - 3*b - 12. Let u be (-5)/(-15) + (-83)/b. What is the greatest common factor of u and 4?
4
Let m(h) = -3*h - 10. Let u be m(-11). What is the highest common factor of 161 and u?
23
Suppose 5*i - 32 = 18. Let h(r) = r**3 + 6*r**2 + 6*r + 2. Let a be h(-4). Calculate the highest common factor of a and i.
10
Let t(v) = v + 3. Let b be t(0). Let n be 16/b*6/4. Let a(s) = s**3 - 9*s**2 + 9*s - 7. Let p be a(n). What is the greatest common divisor of 8 and p?
1
Let q = -92 - -132. Calculate the highest common factor of 440 and q.
40
Suppose q - 2 - 4 = 0. Let p(j) = -j**3 - 12*j**2 + 63*j - 7. Let w be p(-16). What is the greatest common factor of q and w?
3
Let b be 3/(0 + 3/2). Suppose -5*m + b = -4*m. Calculate the highest common divisor of m and 5.
1
Let k(d) = -d - 6. Let y be k(-6). Let b be 13/(1/(y + 1)). Let i be (-104)/(-3)*1*(-3)/(-2). Calculate the highest common divisor of i and b.
13
Suppose 0*p - 5 = -p. Let r(w) = -w**3 + 6*w**2 - 4*w. Let c be r(p). Let m be -2*1/(-4)*10. What is the greatest common divisor of c and m?
5
Let s = -7 - -13. Let j(o) = o**3 - 6*o**2 + 8*o + 6. Let v be j(6). Calculate the highest common divisor of s and v.
6
Let i be 3*4/6 - (-40 - -11). What is the highest common divisor of i and 93?
31
Let h(a) = -20*a - 8. Let t be h(-4). What is the greatest common divisor of 24 and t?
24
Let g(w) = w + 10. Let b be g(-6). Calculate the highest common factor of b and 36.
4
Suppose 0 + 2 = 2*n. Let j be (-12)/(-36) + (-16)/(-6). Calculate the greatest common factor of n and j.
1
Let x = -55 + 72. What is the highest common divisor of 85 and x?
17
Suppose -3*g - 18 = -4*u, 3*g + 3*u + 14 = -25. Let f = g - -14. Calculate the greatest common divisor of f and 44.
4
Suppose 3*r + 120 = -3*b, -3*b - 108 = -b - 5*r. Let h = b + 29. Let a = h + 43. Calculate the greatest common divisor of a and 4.
4
Let u = -10 - -7. Let w = 7 + u. Suppose -2*l + w*l = 182. Calculate the greatest common factor of 13 and l.
13
Suppose 16*v - 5805 = v. Calculate the greatest common factor of v and 43.
43
Let u(a) be the first derivative of a**3/3 + 39*a - 2. Let c be 1/3*(2 + -2). Let t be u(c). What is the greatest common factor of t and 13?
13
Suppose 0 = -2*h - 5*f - 82, 5*f + 0*f + 154 = -4*h. Let a be (-32)/(-6) + (-24)/h. Calculate the highest common divisor of a and 6.
6
Let d = 3 - -26. Let t = d - 24. Calculate the highest common factor of t and 2.
1
Let r be (-1 - 3)/(4/(-22)). Let d be 2/15 - 2469/(-45). Calculate the greatest common factor of r and d.
11
Let p(l) = 4*l**2 - 7*l + 4. Let j be p(-6). Let u = -28 + j. What is the greatest common factor of 18 and u?
18
Let l(m) = m**2 + m + 2. Let d be l(-6). Calculate the greatest common divisor of d and 16.
16
Let s be 539/6 - (-3)/18. What is the highest common factor of 36 and s?
18
Suppose -14*t + 16*t = 32. Calculate the greatest common divisor of 16 and t.
16
Suppose 5*q + 7 = 5*t + 1082, -433 = -2*q - t. Suppose 0*y + y - 24 = 0. What is the greatest common factor of q and y?
24
Let y(j) = 4*j + 3. Let r be y(8). Calculate the highest common divisor of r and 7.
7
Let g(w) = -w + 2. Let j be g(-2). Let p be 4/6 - 7/(-3). Suppose -k - p = -j*k. Calculate the highest common divisor of 11 and k.
1
Suppose -8*n + 371 - 35 = 0. What is the highest common divisor of n and 14?
14
Let f be ((-132)/(-15))/((-1)/5). Let i = -24 - f. Let m be (12/15)/(2/i). Calculate the greatest common factor of m and 88.
8
Let f(l) = 9 - 12*l**2 + l**2 + l**2 + l**3 + l - 13. Let i be f(10). What is the greatest common factor of 12 and i?
6
Suppose 9 = 5*n - 6. Suppose 93 = n*f - 9. Calculate the highest common divisor of 17 and f.
17
Let m(i) = 8*i**2 + 5*i**2 - 3*i**2 + 1. Let n be m(1). Let k = -153 - -274. What is the greatest common factor of k and n?
11
Let q be 2*9/4*10. What is the greatest common divisor of 30 and q?
15
Let a = -301 + 422. Suppose -5*r + 60 = 5. Calculate the greatest common factor of r and a.
11
Suppose 0 = y - 4*u - 163, 5*y + 3*u - 671 = y. Let j = -113 + y. Calculate the highest common divisor of 6 and j.
6
Let v(f) be the third derivative of f**4/6 + 3*f**2. Let i be v(3). Suppose 0 = b - 4 - 8. What is the greatest common factor